ctors of 714462.
2, 3, 7, 17011
List the prime factors of 151061.
29, 5209
What are the prime factors of 76215?
3, 5, 5081
List the prime factors of 3815425.
5, 152617
List the prime factors of 450576.
2, 3, 7, 149
What are the prime factors of 611127?
3, 11, 6173
What are the prime factors of 138800?
2, 5, 347
What are the prime factors of 19726894?
2, 11, 896677
What are the prime factors of 1380169?
7, 71, 2777
List the prime factors of 1343839.
7, 191977
What are the prime factors of 156381?
3, 52127
What are the prime factors of 1728664?
2, 7, 30869
What are the prime factors of 1430840?
2, 5, 35771
List the prime factors of 2046487.
2046487
List the prime factors of 60662.
2, 7, 619
List the prime factors of 24783243.
3, 967, 8543
What are the prime factors of 3956694?
2, 3, 7, 94207
What are the prime factors of 5614061?
5614061
List the prime factors of 486190.
2, 5, 48619
List the prime factors of 242999.
242999
What are the prime factors of 7880235?
3, 5, 11, 163, 293
What are the prime factors of 1214185?
5, 7, 113, 307
List the prime factors of 9932656.
2, 43, 14437
What are the prime factors of 1720591?
1720591
What are the prime factors of 10862573?
10862573
What are the prime factors of 242649?
3, 11, 19, 43
What are the prime factors of 6243333?
3, 653, 3187
What are the prime factors of 317245?
5, 67, 947
What are the prime factors of 47302?
2, 67, 353
What are the prime factors of 16382213?
1663, 9851
What are the prime factors of 13211824?
2, 825739
What are the prime factors of 368405?
5, 73681
What are the prime factors of 663678?
2, 3, 36871
List the prime factors of 13855635.
3, 5, 307903
List the prime factors of 37124896.
2, 307, 3779
What are the prime factors of 823222?
2, 411611
What are the prime factors of 4235160?
2, 3, 5, 29, 1217
What are the prime factors of 11405325?
3, 5, 241, 631
What are the prime factors of 961896?
2, 3, 13, 3083
List the prime factors of 681930.
2, 3, 5, 7577
What are the prime factors of 212645?
5, 71, 599
List the prime factors of 253003.
253003
What are the prime factors of 89776?
2, 31, 181
What are the prime factors of 2107971?
3, 101, 773
List the prime factors of 3285790.
2, 5, 328579
List the prime factors of 2190871.
19, 115309
What are the prime factors of 18536299?
193, 96043
List the prime factors of 234833.
234833
What are the prime factors of 1887287?
181, 10427
What are the prime factors of 20463632?
2, 7, 182711
What are the prime factors of 5444743?
17, 53, 6043
List the prime factors of 1028646.
2, 3, 43, 443
List the prime factors of 3371068.
2, 842767
List the prime factors of 3205560.
2, 3, 5, 26713
List the prime factors of 3939889.
929, 4241
List the prime factors of 564102.
2, 3, 7, 11, 37
What are the prime factors of 279706?
2, 7, 19979
List the prime factors of 58817.
11, 5347
List the prime factors of 5586785.
5, 769, 1453
List the prime factors of 1810781.
7, 167, 1549
What are the prime factors of 5158873?
37, 139429
List the prime factors of 3227801.
3227801
What are the prime factors of 2979883?
1109, 2687
What are the prime factors of 4653833?
29, 383, 419
List the prime factors of 11738315.
5, 2347663
What are the prime factors of 53366?
2, 26683
What are the prime factors of 1088271?
3, 120919
What are the prime factors of 3456822?
2, 3, 19, 30323
List the prime factors of 1716254.
2, 858127
What are the prime factors of 2742697?
53, 51749
What are the prime factors of 1512276?
2, 3, 126023
What are the prime factors of 206701?
11, 19, 23, 43
List the prime factors of 5852737.
11, 53, 10039
What are the prime factors of 4470571?
7, 233, 2741
What are the prime factors of 14287078?
2, 13, 549503
List the prime factors of 200378.
2, 100189
List the prime factors of 232053.
3, 77351
List the prime factors of 746118.
2, 3, 41, 337
What are the prime factors of 4069648?
2, 11, 19, 1217
What are the prime factors of 3921176?
2, 7, 1429
What are the prime factors of 1056378?
2, 3, 176063
What are the prime factors of 9074103?
3, 31, 97571
List the prime factors of 13121140.
2, 5, 569, 1153
List the prime factors of 2588813.
67, 38639
List the prime factors of 1508559.
3, 13, 47, 823
List the prime factors of 1143825.
3, 5, 101, 151
What are the prime factors of 101633?
7, 14519
List the prime factors of 801650.
2, 5, 16033
What are the prime factors of 1232178?
2, 3, 137, 1499
What are the prime factors of 920644?
2, 23, 10007
What are the prime factors of 2939979?
3, 7, 139999
List the prime factors of 209293.
7, 29, 1031
What are the prime factors of 329807?
271, 1217
What are the prime factors of 5388203?
31, 73, 2381
What are the prime factors of 840633?
3, 17, 53, 311
List the prime factors of 5078744.
2, 11, 57713
List the prime factors of 2278742.
2, 43, 26497
What are the prime factors of 8910585?
3, 5, 198013
What are the prime factors of 211546?
2, 19, 293
List the prime factors of 4437510.
2, 3, 5, 7, 11, 17, 113
What are the prime factors of 2908137?
3, 607, 1597
What are the prime factors of 634241?
634241
What are the prime factors of 3282620?
2, 5, 11, 43, 347
What are the prime factors of 648792?
2, 3, 9011
What are the prime factors of 1959875?
5, 15679
What are the prime factors of 4782234?
2, 3, 797039
List the prime factors of 3785818.
2, 907, 2087
What are the prime factors of 259679?
7, 37097
List the prime factors of 264126.
2, 3, 44021
List the prime factors of 882947.
13, 23, 2953
List the prime factors of 1370633.
11, 53, 2351
What are the prime factors of 7537259?
7537259
What are the prime factors of 716705?
5, 11, 83, 157
List the prime factors of 287400.
2, 3, 5, 479
List the prime factors of 1081273.
79, 13687
What are the prime factors of 114068?
2, 28517
What are the prime factors of 304395?
3, 5, 7, 13, 223
What are the prime factors of 2212398?
2, 3, 19, 6469
What are the prime factors of 313358?
2, 156679
What are the prime factors of 26255?
5, 59, 89
List the prime factors of 238453.
67, 3559
List the prime factors of 30994232.
2, 3874279
What are the prime factors of 16180?
2, 5, 809
List the prime factors of 432751.
11, 39341
List the prime factors of 957316.
2, 239329
List the prime factors of 3905687.
3905687
List the prime factors of 715453.
715453
List the prime factors of 4711606.
2, 271, 8693
What are the prime factors of 3766829?
11, 443, 773
List the prime factors of 562511.
23, 37, 661
List the prime factors of 6723974.
2, 101, 33287
List the prime factors of 69433.
7, 13, 109
What are the prime factors of 1524877?
23, 167, 397
List the prime factors of 920095.
5, 11, 16729
What are the prime factors of 11298554?
2, 1319, 4283
List the prime factors of 18729617.
53, 353389
What are the prime factors of 7229340?
2, 3, 5, 40163
What are the prime factors of 128718?
2, 3, 7151
List the prime factors of 15853574.
2, 11, 720617
List the prime factors of 1442244.
2, 3, 31, 3877
What are the prime factors of 1024770?
2, 3, 5, 34159
What are the prime factors of 834792?
2, 3, 7, 4969
What are the prime factors of 3578628?
2, 3, 83, 3593
What are the prime factors of 165104?
2, 17, 607
List the prime factors of 7879170.
2, 3, 5, 13, 89, 227
What are the prime factors of 271493?
83, 3271
What are the prime factors of 140542?
2, 70271
List the prime factors of 11157158.
2, 653, 8543
What are the prime factors of 20747117?
101, 205417
What are the prime factors of 1359781?
29, 46889
What are the prime factors of 359580?
2, 3, 5, 13, 461
List the prime factors of 822611.
822611
List the prime factors of 2612650.
2, 5, 52253
What are the prime factors of 38249?
23, 1663
What are the prime factors of 439825?
5, 73, 241
What are the prime factors of 1996061?
1996061
What are the prime factors of 7530650?
2, 5, 19, 7927
What are the prime factors of 183876?
2, 3, 7, 11, 199
What are the prime factors of 2457107?
73, 97, 347
What are the prime factors of 57594?
2, 3, 29, 331
List the prime factors of 1374580.
2, 5, 68729
What are the prime factors of 923624?
2, 13, 83, 107
List the prime factors of 18018451.
11, 71, 23071
What are the prime factors of 1390495?
5, 47, 61, 97
What are the prime factors of 5164205?
5, 1032841
What are the prime factors of 1513883?
7, 23, 9403
List the prime factors of 1893149.
29, 97, 673
List t